omposite?
True
Is 365084077 a prime number?
True
Is 194270491 a composite number?
True
Is 43721 composite?
False
Is 468103283 a composite number?
True
Is 10192813 a prime number?
True
Is 6441977 composite?
False
Is 32035277 composite?
False
Is 25653359 a composite number?
False
Is 32592533 a composite number?
True
Is 46219 a composite number?
False
Is 71185361 a prime number?
False
Is 248976047 composite?
True
Is 34467091 composite?
True
Is 2607721 prime?
True
Is 1601563 prime?
True
Is 66845311 prime?
False
Is 1552583 a composite number?
False
Is 947553 composite?
True
Is 7194302 prime?
False
Is 37532173 composite?
True
Is 90726269 composite?
False
Is 71821 a prime number?
True
Is 77205811 a composite number?
False
Is 1407281 prime?
True
Is 2201383 a composite number?
True
Is 289195 composite?
True
Is 35939539 prime?
False
Is 35455645 a prime number?
False
Is 226746229 a composite number?
True
Is 55371287 composite?
False
Is 817637 a composite number?
False
Is 181547 a composite number?
True
Is 12110191 a prime number?
False
Is 1105751 composite?
True
Is 22484069 a prime number?
True
Is 60209077 a composite number?
True
Is 57841417 composite?
True
Is 8241791 composite?
False
Is 1382939 composite?
False
Is 30053113 composite?
False
Is 20261938 a prime number?
False
Is 43550723 a prime number?
True
Is 47287 composite?
False
Is 11997107 a prime number?
True
Is 7569559 composite?
False
Is 368411915 composite?
True
Is 50889295 composite?
True
Is 122237077 a prime number?
True
Is 28341813 a prime number?
False
Is 10504903 composite?
False
Is 36364737 composite?
True
Is 3878597 a prime number?
True
Is 4017067 composite?
False
Is 5341559 a composite number?
False
Is 9239987 prime?
True
Is 4180531 prime?
False
Is 192024761 prime?
True
Is 7284941 a composite number?
False
Is 15247163 composite?
False
Is 2002967 a composite number?
False
Is 1821441 a prime number?
False
Is 11709053 prime?
True
Is 7733309 prime?
False
Is 483001 prime?
False
Is 23872907 a prime number?
True
Is 41749993 composite?
True
Is 860447 a composite number?
True
Is 53990447 composite?
True
Is 14103143 composite?
True
Is 244994 prime?
False
Is 45744341 a prime number?
False
Is 261109553 a composite number?
True
Is 261092485 a prime number?
False
Is 10666627 a prime number?
False
Is 97886093 a composite number?
True
Is 61905827 composite?
True
Is 43471 prime?
False
Is 34549091 composite?
False
Is 5837341 a composite number?
True
Is 4647653 composite?
False
Is 336235901 composite?
False
Is 479939 a composite number?
False
Is 976399 a prime number?
False
Is 32542703 composite?
False
Is 634969 a composite number?
False
Is 277411 a prime number?
True
Is 55169 a prime number?
False
Is 3927647 prime?
True
Is 2319271 a prime number?
False
Is 2881471 prime?
True
Is 144083 composite?
True
Is 2439163 a composite number?
True
Is 74593817 a prime number?
True
Is 603187 composite?
True
Is 935357 a composite number?
True
Is 31832587 a prime number?
False
Is 2520839 prime?
False
Is 2017669 composite?
False
Is 1294931 prime?
False
Is 283933861 prime?
True
Is 6142471 a prime number?
False
Is 2349098 a composite number?
True
Is 1253687 a prime number?
False
Is 200279659 composite?
True
Is 97706053 a prime number?
False
Is 51091357 prime?
True
Is 196464959 prime?
False
Is 458587 prime?
False
Is 1364687 a composite number?
True
Is 2103263569 composite?
True
Is 3838841 prime?
True
Is 3069221 a composite number?
True
Is 155085517 prime?
True
Is 27693167 a composite number?
True
Is 3290473 a composite number?
False
Is 7132577 composite?
False
Is 3007127 a composite number?
True
Is 14867803 a composite number?
False
Is 1537117 a prime number?
False
Is 1842751 prime?
False
Is 3093095 a prime number?
False
Is 5031623 composite?
False
Is 1657301 a prime number?
False
Is 32009839 a composite number?
False
Is 2693879 prime?
False
Is 369623237 a composite number?
False
Is 35062747 a prime number?
True
Is 68340367 composite?
True
Is 4405789 a prime number?
True
Is 8549069 a composite number?
True
Is 1022003123 prime?
False
Is 25200523 composite?
True
Is 3930799 a prime number?
True
Is 287218339 composite?
False
Is 2068699 a prime number?
True
Is 702473 a prime number?
False
Is 10270391 composite?
False
Is 3274507 prime?
False
Is 3884537 composite?
False
Is 80846 a prime number?
False
Is 8565665 a composite number?
True
Is 47104669 composite?
True
Is 9494057 a prime number?
True
Is 2556751 prime?
False
Is 37889029 composite?
False
Is 38521183 prime?
False
Is 12847897 a composite number?
True
Is 9605779 prime?
True
Is 23837161 a prime number?
True
Is 23787877 composite?
False
Is 34546763 composite?
False
Is 137359 composite?
False
Is 12829119 prime?
False
Is 35416499 composite?
False
Is 8257369 prime?
False
Is 296071 a composite number?
False
Is 35798045 prime?
False
Is 362897 composite?
False
Is 2614201 composite?
True
Is 786547 a prime number?
True
Is 111239759 a composite number?
True
Is 15655583 a composite number?
True
Is 12203231 a composite number?
False
Is 82082359 a prime number?
True
Is 113843 a composite number?
False
Is 148596079 a composite number?
False
Is 21748201 prime?
True
Is 17493887 prime?
True
Is 1890007 a prime number?
False
Is 1399499 composite?
False
Is 23331047 composite?
False
Is 397123787 prime?
True
Is 5433397 a composite number?
True
Is 127959169 a prime number?
False
Is 181251721 a prime number?
False
Is 107057287 a prime number?
False
Is 1223219 composite?
True
Is 2495123 a prime number?
True
Is 22901089 prime?
True
Is 18879313 a prime number?
True
Is 18166937 a prime number?
True
Is 2242651 prime?
True
Is 10409033 a composite number?
False
Is 2212943 prime?
False
Is 32201087 composite?
False
Is 7230091 composite?
True
Is 1574773 prime?
True
Is 19062583 prime?
True
Is 99612043 prime?
False
Is 16107979 composite?
False
Is 103881517 a composite number?
False
Is 2528177 prime?
False
Is 1268336371 a composite number?
False
Is 4399397 prime?
True
Is 63253093 prime?
True
Is 1915943 prime?
False
Is 40651041 composite?
True
Is 8119793 composite?
True
Is 396030133 prime?
True
Is 10931101 composite?
True
Is 144957853 prime?
False
Is 2947939 prime?
True
Is 65134351 a prime number?
False
Is 271218611 a composite number?
True
Is 29650699 composite?
True
Is 10565299 composite?
False
Is 12546823 a prime number?
False
Is 423671338 a prime number?
False
Is 273349 prime?
True
Is 59967679 prime?
False
Is 5934971 a prime number?
False
Is 5495231 composite?
True
Is 9283387 a composite number?
True
Is 89693507 a prime number?
True
Is 3706673 prime?
False
Is 50801 prime?
False
Is 7467167 prime?
True
Is 6923821 a prime number?
True
Is 2979322 prime?
False
Is 49864673 prime?
False
Is 15016163 a composite number?
True
Is 57946937 a composite number?
False
Is 14703047 composite?
True
Is 25704145 a composite number?
True
Is 1089091 prime?
True
Is 9192133 composite?
True
Is 37927271 a composite number?
False
Is 13970543 a prime number?
True
Is 25439471 prime?
True
Is 261773 composite?
False
Is 893477 a prime number?
False
Is 149827297 a composite number?
False
Is 16994801 a prime number?
True
Is 16643017 prime?
False
Is 1672199 composite?
False
Is 19980893 a composite number?
True
Is 336758309 composite?
False
Is 159038219 a prime number?
True
Is 34671991 composite?
False
Is 22721921 a prime number?
True
Is 3288673 a prime number?
True
Is 47945801 a composite number?
True
Is 11659903 a prime number?
True
Is 1029629751 prime?
False
Is 20249387 a composite number?
False
Is 3764503 composite?
False
Is 20051711 a composite number?
False
Is 13861049 prime?
True
Is 100043 a prime number?
True
Is 44824583 a composite number?
True
Is 191224127 a prime number?
True
Is 8211617 a prime number?
False
Is 207923 a prime number?
True
Is 7626215 a composite number?
True
Is 24738229 a prime number?
False
Is 40541951 composite?
True
Is 1262011 composite?
False
Is 105362639 a prime number?
False
Is 4835269 a composite number?
False
Is 2036777 prime?
False
Is 5723147 prime?
True
Is 50050939 composite?
True
Is 202524463 composite?
True
Is 20687521 prime?
False
Is 15929569 composite?
True
Is 946573 a composite number?
False
Is 3729818981 a composite number?
True
Is 46018183 composite?
False
Is 4203283 a prime number?
False
Is 43132